{"id":1175,"date":"2023-09-05T19:57:35","date_gmt":"2023-09-05T19:57:35","guid":{"rendered":"http:\/\/www.dvcbm.hr\/?page_id=1175"},"modified":"2025-03-27T10:09:56","modified_gmt":"2025-03-27T10:09:56","slug":"kontakt","status":"publish","type":"page","link":"https:\/\/www.dvcbm.hr\/?page_id=1175","title":{"rendered":"Kontakt"},"content":{"rendered":"<h4>Podaci o tvrtki<\/h4>\n<p class=\"hk-listunit-title\" style=\"padding-left: 40px;\"><strong>Naziv<\/strong>:\u00a0 \u00a0Dje\u010dji vrti\u0107 Cvr\u010dak Beli Manastir<\/p>\n<p style=\"padding-left: 40px;\"><strong>Adresa<\/strong>: Vladimira Nazora 34a, 31300 Beli Manastir<\/p>\n<p style=\"padding-left: 40px;\"><strong>OIB<\/strong>:\u00a0 \u00a0 \u00a0 \u00a048247794389<\/p>\n<p style=\"padding-left: 40px;\"><strong>IBAN<\/strong>:\u00a0 \u00a0HR4323400091100011271<\/p>\n<p>&nbsp;<\/p>\n<h4 class=\"hk-listunit-title\">Mati\u010dni vrti\u0107 Beli Manastir<\/h4>\n<div class=\"hk-listunit-text hk-listunit-fulltext\">\n<p style=\"padding-left: 40px;\"><strong>Adresa<\/strong><\/p>\n<p style=\"padding-left: 80px;\">Vladimira Nazora 34a,<\/p>\n<p style=\"padding-left: 80px;\">Beli Manastir<\/p>\n<p style=\"padding-left: 40px;\"><strong>Telefon\/fax<\/strong><\/p>\n<p style=\"padding-left: 80px;\">031\/701-318<\/p>\n<p style=\"padding-left: 40px;\"><strong>E-mail<\/strong><\/p>\n<p style=\"padding-left: 80px;\">info@dvcbm.hr<\/p>\n<p style=\"padding-left: 80px;\">administracija@dvcbm.hr<\/p>\n<p style=\"padding-left: 80px;\">pedagoginja@dvcbm.hr<\/p>\n<p style=\"padding-left: 80px;\">racunovodstvo@dvcbm.hr<\/p>\n<p style=\"padding-left: 80px;\">zdravstvena.voditeljica@dvcbm.hr<\/p>\n<p style=\"padding-left: 80px;\">ravnateljica@dvcbm.hr<\/p>\n<p style=\"padding-left: 40px;\"><strong>Radno vrijeme<\/strong><\/p>\n<p style=\"padding-left: 80px;\">5:45 \u2013 16:30<\/p>\n<\/div>\n<h4><\/h4>\n<h4 class=\"hk-listunit-title\">Podru\u010dni vrti\u0107 \u0160e\u0107erana<\/h4>\n<div class=\"hk-listunit-text hk-listunit-fulltext\">\n<p style=\"padding-left: 40px;\"><strong>Adresa<\/strong><\/p>\n<p style=\"padding-left: 80px;\">\u017drtava Domovinskog rata 25, \u0160e\u0107erana<\/p>\n<p style=\"padding-left: 40px;\"><strong>Telefon<\/strong><\/p>\n<p style=\"padding-left: 80px;\">091\/601-7730<\/p>\n<p style=\"padding-left: 40px;\"><strong>Radno vrijeme<\/strong><\/p>\n<p style=\"padding-left: 80px;\">6:30 \u2013 16:30<\/p>\n<\/div>\n<p>&nbsp;<\/p>\n<h4 class=\"hk-listunit-title\">Podru\u010dni vrti\u0107 Branjin Vrh<\/h4>\n<div class=\"hk-listunit-text hk-listunit-fulltext\">\n<p style=\"padding-left: 40px;\"><strong>Adresa<\/strong><\/p>\n<p style=\"padding-left: 80px;\">Svetog Kri\u017ea 57,<\/p>\n<p style=\"padding-left: 80px;\">Branjin Vrh<\/p>\n<p style=\"padding-left: 40px;\"><strong>Telefon<\/strong><\/p>\n<p style=\"padding-left: 80px;\">091\/621-4537<\/p>\n<p style=\"padding-left: 40px;\"><strong>Radno vrijeme<\/strong><\/p>\n<p style=\"padding-left: 80px;\">6:30 \u2013 16:30<\/p>\n<h4><\/h4>\n<h4 class=\"hk-listunit-title\">Podru\u010dni vrti\u0107 Petlovac<\/h4>\n<div class=\"hk-listunit-text hk-listunit-fulltext\">\n<p style=\"padding-left: 40px;\"><strong>Adresa<\/strong><\/p>\n<p style=\"padding-left: 80px;\">Rade Kon\u010dara 29,<\/p>\n<p style=\"padding-left: 80px;\">Petlovac<\/p>\n<p style=\"padding-left: 40px;\"><strong>Telefon<\/strong><\/p>\n<p style=\"padding-left: 80px;\">098\/199- 7559<\/p>\n<p style=\"padding-left: 40px;\"><strong>Radno vrijeme<\/strong><\/p>\n<p style=\"padding-left: 80px;\">7:00 \u2013 13:00<\/p>\n<\/div>\n<\/div>\n<div style=\"margin-top: 0px; margin-bottom: 0px;\" class=\"sharethis-inline-share-buttons\" ><\/div>","protected":false},"excerpt":{"rendered":"<p>Podaci o tvrtki Naziv:\u00a0 \u00a0Dje\u010dji vrti\u0107 Cvr\u010dak Beli Manastir Adresa: Vladimira Nazora 34a, 31300 Beli Manastir OIB:\u00a0 \u00a0 \u00a0 \u00a048247794389 IBAN:\u00a0 \u00a0HR4323400091100011271 &nbsp; Mati\u010dni vrti\u0107 Beli Manastir Adresa Vladimira Nazora 34a, Beli Manastir Telefon\/fax 031\/701-318 E-mail info@dvcbm.hr administracija@dvcbm.hr pedagoginja@dvcbm.hr racunovodstvo@dvcbm.hr zdravstvena.voditeljica@dvcbm.hr ravnateljica@dvcbm.hr Radno vrijeme 5:45 \u2013 16:30 Podru\u010dni vrti\u0107 \u0160e\u0107erana<span class=\"more-link\"><a href=\"https:\/\/www.dvcbm.hr\/?page_id=1175\">Vi\u0161e<\/a><\/span><\/p>\n","protected":false},"author":1,"featured_media":0,"parent":0,"menu_order":0,"comment_status":"closed","ping_status":"closed","template":"","meta":{"footnotes":""},"class_list":["entry","author-admin","post-1175","page","type-page","status-publish"],"yoast_head":"<!-- This site is optimized with the Yoast SEO plugin v27.4 - https:\/\/yoast.com\/product\/yoast-seo-wordpress\/ -->\n<title>Kontakt - Dje\u010dji vrti\u0107 Cvr\u010dak<\/title>\n<meta name=\"robots\" content=\"index, follow, max-snippet:-1, max-image-preview:large, max-video-preview:-1\" \/>\n<link rel=\"canonical\" href=\"http:\/\/www.dvcbm.hr\/?page_id=1175\" \/>\n<script type=\"application\/ld+json\" class=\"yoast-schema-graph\">{\"@context\":\"https:\\\/\\\/schema.org\",\"@graph\":[{\"@type\":\"WebPage\",\"@id\":\"http:\\\/\\\/www.dvcbm.hr\\\/?page_id=1175\",\"url\":\"http:\\\/\\\/www.dvcbm.hr\\\/?page_id=1175\",\"name\":\"Kontakt - Dje\u010dji vrti\u0107 Cvr\u010dak\",\"isPartOf\":{\"@id\":\"https:\\\/\\\/www.dvcbm.hr\\\/#website\"},\"datePublished\":\"2023-09-05T19:57:35+00:00\",\"dateModified\":\"2025-03-27T10:09:56+00:00\",\"breadcrumb\":{\"@id\":\"http:\\\/\\\/www.dvcbm.hr\\\/?page_id=1175#breadcrumb\"},\"inLanguage\":\"hr\",\"potentialAction\":[{\"@type\":\"ReadAction\",\"target\":[\"http:\\\/\\\/www.dvcbm.hr\\\/?page_id=1175\"]}]},{\"@type\":\"BreadcrumbList\",\"@id\":\"http:\\\/\\\/www.dvcbm.hr\\\/?page_id=1175#breadcrumb\",\"itemListElement\":[{\"@type\":\"ListItem\",\"position\":1,\"name\":\"Po\u010detna stranica\",\"item\":\"https:\\\/\\\/www.dvcbm.hr\\\/\"},{\"@type\":\"ListItem\",\"position\":2,\"name\":\"Kontakt\"}]},{\"@type\":\"WebSite\",\"@id\":\"https:\\\/\\\/www.dvcbm.hr\\\/#website\",\"url\":\"https:\\\/\\\/www.dvcbm.hr\\\/\",\"name\":\"Dje\u010dji vrti\u0107 Cvr\u010dak\",\"description\":\"Beli Manastir\",\"publisher\":{\"@id\":\"https:\\\/\\\/www.dvcbm.hr\\\/#organization\"},\"potentialAction\":[{\"@type\":\"SearchAction\",\"target\":{\"@type\":\"EntryPoint\",\"urlTemplate\":\"https:\\\/\\\/www.dvcbm.hr\\\/?s={search_term_string}\"},\"query-input\":{\"@type\":\"PropertyValueSpecification\",\"valueRequired\":true,\"valueName\":\"search_term_string\"}}],\"inLanguage\":\"hr\"},{\"@type\":\"Organization\",\"@id\":\"https:\\\/\\\/www.dvcbm.hr\\\/#organization\",\"name\":\"Dje\u010dji vrti\u0107 Cvr\u010dak\",\"url\":\"https:\\\/\\\/www.dvcbm.hr\\\/\",\"logo\":{\"@type\":\"ImageObject\",\"inLanguage\":\"hr\",\"@id\":\"https:\\\/\\\/www.dvcbm.hr\\\/#\\\/schema\\\/logo\\\/image\\\/\",\"url\":\"https:\\\/\\\/www.dvcbm.hr\\\/wp-content\\\/uploads\\\/2023\\\/02\\\/logowww-e1677439362399.jpg\",\"contentUrl\":\"https:\\\/\\\/www.dvcbm.hr\\\/wp-content\\\/uploads\\\/2023\\\/02\\\/logowww-e1677439362399.jpg\",\"width\":130,\"height\":116,\"caption\":\"Dje\u010dji vrti\u0107 Cvr\u010dak\"},\"image\":{\"@id\":\"https:\\\/\\\/www.dvcbm.hr\\\/#\\\/schema\\\/logo\\\/image\\\/\"}}]}<\/script>\n<!-- \/ Yoast SEO plugin. -->","yoast_head_json":{"title":"Kontakt - Dje\u010dji vrti\u0107 Cvr\u010dak","robots":{"index":"index","follow":"follow","max-snippet":"max-snippet:-1","max-image-preview":"max-image-preview:large","max-video-preview":"max-video-preview:-1"},"canonical":"http:\/\/www.dvcbm.hr\/?page_id=1175","schema":{"@context":"https:\/\/schema.org","@graph":[{"@type":"WebPage","@id":"http:\/\/www.dvcbm.hr\/?page_id=1175","url":"http:\/\/www.dvcbm.hr\/?page_id=1175","name":"Kontakt - Dje\u010dji vrti\u0107 Cvr\u010dak","isPartOf":{"@id":"https:\/\/www.dvcbm.hr\/#website"},"datePublished":"2023-09-05T19:57:35+00:00","dateModified":"2025-03-27T10:09:56+00:00","breadcrumb":{"@id":"http:\/\/www.dvcbm.hr\/?page_id=1175#breadcrumb"},"inLanguage":"hr","potentialAction":[{"@type":"ReadAction","target":["http:\/\/www.dvcbm.hr\/?page_id=1175"]}]},{"@type":"BreadcrumbList","@id":"http:\/\/www.dvcbm.hr\/?page_id=1175#breadcrumb","itemListElement":[{"@type":"ListItem","position":1,"name":"Po\u010detna stranica","item":"https:\/\/www.dvcbm.hr\/"},{"@type":"ListItem","position":2,"name":"Kontakt"}]},{"@type":"WebSite","@id":"https:\/\/www.dvcbm.hr\/#website","url":"https:\/\/www.dvcbm.hr\/","name":"Dje\u010dji vrti\u0107 Cvr\u010dak","description":"Beli Manastir","publisher":{"@id":"https:\/\/www.dvcbm.hr\/#organization"},"potentialAction":[{"@type":"SearchAction","target":{"@type":"EntryPoint","urlTemplate":"https:\/\/www.dvcbm.hr\/?s={search_term_string}"},"query-input":{"@type":"PropertyValueSpecification","valueRequired":true,"valueName":"search_term_string"}}],"inLanguage":"hr"},{"@type":"Organization","@id":"https:\/\/www.dvcbm.hr\/#organization","name":"Dje\u010dji vrti\u0107 Cvr\u010dak","url":"https:\/\/www.dvcbm.hr\/","logo":{"@type":"ImageObject","inLanguage":"hr","@id":"https:\/\/www.dvcbm.hr\/#\/schema\/logo\/image\/","url":"https:\/\/www.dvcbm.hr\/wp-content\/uploads\/2023\/02\/logowww-e1677439362399.jpg","contentUrl":"https:\/\/www.dvcbm.hr\/wp-content\/uploads\/2023\/02\/logowww-e1677439362399.jpg","width":130,"height":116,"caption":"Dje\u010dji vrti\u0107 Cvr\u010dak"},"image":{"@id":"https:\/\/www.dvcbm.hr\/#\/schema\/logo\/image\/"}}]}},"_links":{"self":[{"href":"https:\/\/www.dvcbm.hr\/index.php?rest_route=\/wp\/v2\/pages\/1175","targetHints":{"allow":["GET"]}}],"collection":[{"href":"https:\/\/www.dvcbm.hr\/index.php?rest_route=\/wp\/v2\/pages"}],"about":[{"href":"https:\/\/www.dvcbm.hr\/index.php?rest_route=\/wp\/v2\/types\/page"}],"author":[{"embeddable":true,"href":"https:\/\/www.dvcbm.hr\/index.php?rest_route=\/wp\/v2\/users\/1"}],"replies":[{"embeddable":true,"href":"https:\/\/www.dvcbm.hr\/index.php?rest_route=%2Fwp%2Fv2%2Fcomments&post=1175"}],"version-history":[{"count":0,"href":"https:\/\/www.dvcbm.hr\/index.php?rest_route=\/wp\/v2\/pages\/1175\/revisions"}],"wp:attachment":[{"href":"https:\/\/www.dvcbm.hr\/index.php?rest_route=%2Fwp%2Fv2%2Fmedia&parent=1175"}],"curies":[{"name":"wp","href":"https:\/\/api.w.org\/{rel}","templated":true}]}}